[INFO] cloning repository https://github.com/SoapSeller/rusty-sheet
[INFO] running `Command { std: "git" "-c" "credential.helper=" "-c" "credential.helper=/workspace/cargo-home/bin/git-credential-null" "clone" "--bare" "https://github.com/SoapSeller/rusty-sheet" "/workspace/cache/git-repos/https%3A%2F%2Fgithub.com%2FSoapSeller%2Frusty-sheet", kill_on_drop: false }`
[INFO] [stderr] Cloning into bare repository '/workspace/cache/git-repos/https%3A%2F%2Fgithub.com%2FSoapSeller%2Frusty-sheet'...
[INFO] running `Command { std: "git" "rev-parse" "HEAD", kill_on_drop: false }`
[INFO] [stdout] fa415fb9681483b6a958c65309cb12629e970d7d
[INFO] checking SoapSeller/rusty-sheet against master#9610dfe5a9a731ced1ea4923ecbd0c57fe367898 for beta-170-4
[INFO] running `Command { std: "git" "clone" "/workspace/cache/git-repos/https%3A%2F%2Fgithub.com%2FSoapSeller%2Frusty-sheet" "/workspace/builds/worker-2-tc1/source", kill_on_drop: false }`
[INFO] [stderr] Cloning into '/workspace/builds/worker-2-tc1/source'...
[INFO] [stderr] done.
[INFO] validating manifest of git repo https://github.com/SoapSeller/rusty-sheet on toolchain 9610dfe5a9a731ced1ea4923ecbd0c57fe367898
[INFO] running `Command { std: CARGO_HOME="/workspace/cargo-home" RUSTUP_HOME="/workspace/rustup-home" "/workspace/cargo-home/bin/cargo" "+9610dfe5a9a731ced1ea4923ecbd0c57fe367898" "metadata" "--manifest-path" "Cargo.toml" "--no-deps", kill_on_drop: false }`
[INFO] started tweaking git repo https://github.com/SoapSeller/rusty-sheet
[INFO] finished tweaking git repo https://github.com/SoapSeller/rusty-sheet
[INFO] tweaked toml for git repo https://github.com/SoapSeller/rusty-sheet written to /workspace/builds/worker-2-tc1/source/Cargo.toml
[INFO] crate git repo https://github.com/SoapSeller/rusty-sheet already has a lockfile, it will not be regenerated
[INFO] running `Command { std: CARGO_HOME="/workspace/cargo-home" RUSTUP_HOME="/workspace/rustup-home" "/workspace/cargo-home/bin/cargo" "+9610dfe5a9a731ced1ea4923ecbd0c57fe367898" "fetch" "--manifest-path" "Cargo.toml", kill_on_drop: false }`
[INFO] [stderr]  Downloading crates ...
[INFO] [stderr]   Downloaded pyo3-build-config v0.15.1
[INFO] [stderr]   Downloaded ndk-glue v0.5.0
[INFO] [stderr]   Downloaded glutin v0.28.0
[INFO] [stderr]   Downloaded skia-bindings v0.45.1
[INFO] [stderr]   Downloaded clang-sys v1.0.1
[INFO] [stderr]   Downloaded pyo3-macros v0.15.1
[INFO] [stderr]   Downloaded skia-safe v0.45.1
[INFO] [stderr]   Downloaded pyo3-macros-backend v0.15.1
[INFO] [stderr]   Downloaded pyo3 v0.15.1
[INFO] running `Command { std: "docker" "create" "-v" "/var/lib/crater-agent-workspace/builds/worker-2-tc1/target:/opt/rustwide/target:rw,Z" "-v" "/var/lib/crater-agent-workspace/builds/worker-2-tc1/source:/opt/rustwide/workdir:ro,Z" "-v" "/var/lib/crater-agent-workspace/cargo-home:/opt/rustwide/cargo-home:ro,Z" "-v" "/var/lib/crater-agent-workspace/rustup-home:/opt/rustwide/rustup-home:ro,Z" "-e" "SOURCE_DIR=/opt/rustwide/workdir" "-e" "CARGO_TARGET_DIR=/opt/rustwide/target" "-e" "CARGO_HOME=/opt/rustwide/cargo-home" "-e" "RUSTUP_HOME=/opt/rustwide/rustup-home" "-w" "/opt/rustwide/workdir" "-m" "1610612736" "--user" "0:0" "--network" "none" "ghcr.io/rust-lang/crates-build-env/linux@sha256:19e73879b68f455e41552ea35293514db52ea292d993f571636dbffedb77a1ee" "/opt/rustwide/cargo-home/bin/cargo" "+9610dfe5a9a731ced1ea4923ecbd0c57fe367898" "metadata" "--no-deps" "--format-version=1", kill_on_drop: false }`
[INFO] [stdout] 71c9b30aa6102187cd21c13120dc7cdd32690a2a35c90c1fcb80223e3ebc5565
[INFO] running `Command { std: "docker" "start" "-a" "71c9b30aa6102187cd21c13120dc7cdd32690a2a35c90c1fcb80223e3ebc5565", kill_on_drop: false }`
[INFO] running `Command { std: "docker" "inspect" "71c9b30aa6102187cd21c13120dc7cdd32690a2a35c90c1fcb80223e3ebc5565", kill_on_drop: false }`
[INFO] running `Command { std: "docker" "rm" "-f" "71c9b30aa6102187cd21c13120dc7cdd32690a2a35c90c1fcb80223e3ebc5565", kill_on_drop: false }`
[INFO] [stdout] 71c9b30aa6102187cd21c13120dc7cdd32690a2a35c90c1fcb80223e3ebc5565
[INFO] running `Command { std: "docker" "create" "-v" "/var/lib/crater-agent-workspace/builds/worker-2-tc1/target:/opt/rustwide/target:rw,Z" "-v" "/var/lib/crater-agent-workspace/builds/worker-2-tc1/source:/opt/rustwide/workdir:ro,Z" "-v" "/var/lib/crater-agent-workspace/cargo-home:/opt/rustwide/cargo-home:ro,Z" "-v" "/var/lib/crater-agent-workspace/rustup-home:/opt/rustwide/rustup-home:ro,Z" "-e" "SOURCE_DIR=/opt/rustwide/workdir" "-e" "CARGO_TARGET_DIR=/opt/rustwide/target" "-e" "CARGO_INCREMENTAL=0" "-e" "RUST_BACKTRACE=full" "-e" "RUSTFLAGS=--cap-lints=forbid" "-e" "RUSTDOCFLAGS=--cap-lints=forbid" "-e" "CARGO_HOME=/opt/rustwide/cargo-home" "-e" "RUSTUP_HOME=/opt/rustwide/rustup-home" "-w" "/opt/rustwide/workdir" "-m" "1610612736" "--user" "0:0" "--network" "none" "ghcr.io/rust-lang/crates-build-env/linux@sha256:19e73879b68f455e41552ea35293514db52ea292d993f571636dbffedb77a1ee" "/opt/rustwide/cargo-home/bin/cargo" "+9610dfe5a9a731ced1ea4923ecbd0c57fe367898" "check" "--frozen" "--all" "--all-targets" "--message-format=json", kill_on_drop: false }`
[INFO] [stdout] 06bb5a6c178d1792b735047a3e07a1eea059ee156ed9c579e71348d4cd2e6df3
[INFO] running `Command { std: "docker" "start" "-a" "06bb5a6c178d1792b735047a3e07a1eea059ee156ed9c579e71348d4cd2e6df3", kill_on_drop: false }`
[INFO] [stderr]    Compiling proc-macro2 v1.0.36
[INFO] [stderr]    Compiling syn v1.0.85
[INFO] [stderr]    Compiling serde v1.0.133
[INFO] [stderr]    Compiling unicode-segmentation v1.8.0
[INFO] [stderr]    Compiling pkg-config v0.3.24
[INFO] [stderr]    Compiling strum v0.18.0
[INFO] [stderr]    Compiling version-compare v0.0.10
[INFO] [stderr]    Compiling libc v0.2.112
[INFO] [stderr]    Compiling futures-core v0.3.21
[INFO] [stderr]    Compiling futures-task v0.3.21
[INFO] [stderr]    Compiling memchr v2.4.1
[INFO] [stderr]    Compiling futures-channel v0.3.21
[INFO] [stderr]    Compiling futures-util v0.3.21
[INFO] [stderr]     Checking futures-sink v0.3.21
[INFO] [stderr]    Compiling anyhow v1.0.55
[INFO] [stderr]     Checking slab v0.4.5
[INFO] [stderr]     Checking pin-project-lite v0.2.8
[INFO] [stderr]     Checking futures-io v0.3.21
[INFO] [stderr]    Compiling either v1.6.1
[INFO] [stderr]     Checking once_cell v1.9.0
[INFO] [stderr]    Compiling cairo-rs v0.9.1
[INFO] [stderr]    Compiling itertools v0.9.0
[INFO] [stderr]     Checking unic-common v0.9.0
[INFO] [stderr]     Checking unic-char-range v0.9.0
[INFO] [stderr]    Compiling standback v0.2.17
[INFO] [stderr]    Compiling heck v0.3.3
[INFO] [stderr]     Checking unic-ucd-version v0.9.0
[INFO] [stderr]     Checking unic-char-property v0.9.0
[INFO] [stderr]    Compiling proc-macro-hack v0.5.19
[INFO] [stderr]    Compiling gio v0.9.1
[INFO] [stderr]     Checking tinystr v0.3.4
[INFO] [stderr]    Compiling gdk-pixbuf v0.9.0
[INFO] [stderr]    Compiling pango v0.9.1
[INFO] [stderr]     Checking unic-ucd-bidi v0.9.0
[INFO] [stderr]     Checking unic-langid-impl v0.9.0
[INFO] [stderr]     Checking matches v0.1.9
[INFO] [stderr]     Checking arrayvec v0.5.2
[INFO] [stderr]     Checking unic-bidi v0.9.0
[INFO] [stderr]    Compiling atk v0.9.0
[INFO] [stderr]     Checking unic-langid v0.9.0
[INFO] [stderr]    Compiling gdk v0.13.2
[INFO] [stderr]    Compiling log v0.4.14
[INFO] [stderr]    Compiling const_fn v0.4.9
[INFO] [stderr]    Compiling gtk v0.9.2
[INFO] [stderr]    Compiling time v0.2.27
[INFO] [stderr]    Compiling quote v1.0.14
[INFO] [stderr]     Checking rustc-hash v1.1.0
[INFO] [stderr]     Checking xi-unicode v0.2.1
[INFO] [stderr]    Compiling ucd-trie v0.1.3
[INFO] [stderr]     Checking kurbo v0.7.1
[INFO] [stderr]     Checking type-map v0.4.0
[INFO] [stderr]     Checking stable_deref_trait v1.2.0
[INFO] [stderr]    Compiling maplit v1.0.2
[INFO] [stderr]     Checking intl_pluralrules v7.0.1
[INFO] [stderr]     Checking fluent-langneg v0.13.0
[INFO] [stderr]     Checking instant v0.1.12
[INFO] [stderr]     Checking intl-memoizer v0.5.1
[INFO] [stderr]    Compiling pest v2.1.3
[INFO] [stderr]     Checking keyboard-types v0.5.0
[INFO] [stderr]     Checking smallvec v1.7.0
[INFO] [stderr]     Checking xi-unicode v0.3.0
[INFO] [stderr]    Compiling proc-macro-error-attr v1.0.4
[INFO] [stderr]     Checking simple_logger v1.16.0
[INFO] [stderr]     Checking piet v0.3.1
[INFO] [stderr]    Compiling pest_meta v2.1.3
[INFO] [stderr]    Compiling toml v0.5.8
[INFO] [stderr]    Compiling proc-macro-crate v0.1.5
[INFO] [stderr]    Compiling proc-macro-error v1.0.4
[INFO] [stderr]    Compiling pest_generator v2.1.3
[INFO] [stderr]    Compiling thiserror-impl v1.0.30
[INFO] [stderr]    Compiling strum_macros v0.18.0
[INFO] [stderr]    Compiling futures-macro v0.3.21
[INFO] [stderr]    Compiling glib-macros v0.10.1
[INFO] [stderr]    Compiling time-macros-impl v0.1.2
[INFO] [stderr]    Compiling rental-impl v0.5.5
[INFO] [stderr]    Compiling druid-derive v0.4.0
[INFO] [stderr]    Compiling pest_derive v2.1.0
[INFO] [stderr]     Checking time-macros v0.1.1
[INFO] [stderr]    Compiling thiserror v1.0.30
[INFO] [stderr]    Compiling system-deps v1.3.2
[INFO] [stderr]    Compiling glib-sys v0.10.1
[INFO] [stderr]    Compiling gobject-sys v0.10.0
[INFO] [stderr]    Compiling gio-sys v0.10.1
[INFO] [stderr]    Compiling cairo-sys-rs v0.10.0
[INFO] [stderr]    Compiling gdk-pixbuf-sys v0.10.0
[INFO] [stderr]    Compiling pango-sys v0.10.0
[INFO] [stderr]    Compiling atk-sys v0.10.0
[INFO] [stderr]    Compiling gdk-sys v0.10.0
[INFO] [stderr]    Compiling gtk-sys v0.10.0
[INFO] [stderr]     Checking futures-executor v0.3.21
[INFO] [stderr]     Checking glib v0.10.3
[INFO] [stderr]     Checking futures v0.3.21
[INFO] [stderr]     Checking rental v0.5.6
[INFO] [stderr]     Checking fluent-bundle v0.12.0
[INFO] [stderr]     Checking piet-cairo v0.3.0
[INFO] [stderr]     Checking piet-common v0.3.2
[INFO] [stderr]     Checking druid-shell v0.7.0
[INFO] [stderr]     Checking druid v0.7.0
[INFO] [stderr]     Checking rusty-sheet v0.1.0 (/opt/rustwide/workdir)
[INFO] [stdout] warning: unused import: `Button`
[INFO] [stdout]  --> src/druid_ui.rs:1:21
[INFO] [stdout]   |
[INFO] [stdout] 1 | use druid::widget::{Button, Flex, TextBox};
[INFO] [stdout]   |                     ^^^^^^
[INFO] [stdout]   |
[INFO] [stdout]   = note: `#[warn(unused_imports)]` on by default
[INFO] [stdout] 
[INFO] [stdout] 
[INFO] [stdout] warning: unused imports: `ImageFormat`, `InterpolationMode`, `TextLayoutBuilder`, `Text`
[INFO] [stdout]  --> src/druid_ui.rs:4:31
[INFO] [stdout]   |
[INFO] [stdout] 4 | use druid::piet::{FontFamily, ImageFormat, InterpolationMode, Text, TextLayoutBuilder};
[INFO] [stdout]   |                               ^^^^^^^^^^^  ^^^^^^^^^^^^^^^^^  ^^^^  ^^^^^^^^^^^^^^^^^
[INFO] [stdout] 
[INFO] [stdout] 
[INFO] [stdout] warning: unused imports: `Affine`, `LocalizedString`, `Point`
[INFO] [stdout]  --> src/druid_ui.rs:7:5
[INFO] [stdout]   |
[INFO] [stdout] 7 |     Affine, AppLauncher, Color, FontDescriptor, LocalizedString, Point, Rect, TextLayout, PlatformError,
[INFO] [stdout]   |     ^^^^^^                                      ^^^^^^^^^^^^^^^  ^^^^^
[INFO] [stdout] 
[INFO] [stdout] 
[INFO] [stdout] warning: unused import: `Button`
[INFO] [stdout]  --> src/druid_ui.rs:1:21
[INFO] [stdout]   |
[INFO] [stdout] 1 | use druid::widget::{Button, Flex, TextBox};
[INFO] [stdout]   |                     ^^^^^^
[INFO] [stdout]   |
[INFO] [stdout]   = note: `#[warn(unused_imports)]` on by default
[INFO] [stdout] 
[INFO] [stdout] 
[INFO] [stdout] warning: unused imports: `ImageFormat`, `InterpolationMode`, `TextLayoutBuilder`, `Text`
[INFO] [stdout]  --> src/druid_ui.rs:4:31
[INFO] [stdout]   |
[INFO] [stdout] 4 | use druid::piet::{FontFamily, ImageFormat, InterpolationMode, Text, TextLayoutBuilder};
[INFO] [stdout]   |                               ^^^^^^^^^^^  ^^^^^^^^^^^^^^^^^  ^^^^  ^^^^^^^^^^^^^^^^^
[INFO] [stdout] 
[INFO] [stdout] 
[INFO] [stdout] warning: unused imports: `Affine`, `LocalizedString`, `Point`
[INFO] [stdout]  --> src/druid_ui.rs:7:5
[INFO] [stdout]   |
[INFO] [stdout] 7 |     Affine, AppLauncher, Color, FontDescriptor, LocalizedString, Point, Rect, TextLayout, PlatformError,
[INFO] [stdout]   |     ^^^^^^                                      ^^^^^^^^^^^^^^^  ^^^^^
[INFO] [stdout] 
[INFO] [stdout] 
[INFO] [stdout] error[E0599]: no variant or associated item named `Python` found for enum `sheet::EngineType` in the current scope
[INFO] [stdout]   --> src/sheet.rs:87:45
[INFO] [stdout]    |
[INFO] [stdout] 21 | pub enum EngineType {
[INFO] [stdout]    | ------------------- variant or associated item `Python` not found for this enum
[INFO] [stdout] ...
[INFO] [stdout] 87 |         let cell = Cell{engine: EngineType::Python, value: "test".to_string()};
[INFO] [stdout]    |                                             ^^^^^^ variant or associated item not found in `EngineType`
[INFO] [stdout] 
[INFO] [stdout] 
[INFO] [stdout] warning: unused variable: `path`
[INFO] [stdout]    --> src/druid_ui.rs:153:21
[INFO] [stdout]     |
[INFO] [stdout] 153 |             let mut path = BezPath::new();
[INFO] [stdout]     |                     ^^^^ help: if this is intentional, prefix it with an underscore: `_path`
[INFO] [stdout]     |
[INFO] [stdout]     = note: `#[warn(unused_variables)]` on by default
[INFO] [stdout] 
[INFO] [stdout] 
[INFO] [stdout] warning: unused variable: `data`
[INFO] [stdout]   --> src/druid_ui.rs:97:45
[INFO] [stdout]    |
[INFO] [stdout] 97 |     fn paint(&mut self, ctx: &mut PaintCtx, data: &String, env: &Env) {
[INFO] [stdout]    |                                             ^^^^ help: if this is intentional, prefix it with an underscore: `_data`
[INFO] [stdout] 
[INFO] [stdout] 
[INFO] [stdout] error[E0599]: no variant or associated item named `Python` found for enum `sheet::EngineType` in the current scope
[INFO] [stdout]    --> src/sheet_state.rs:124:45
[INFO] [stdout]     |
[INFO] [stdout] 124 |         let cell = Cell{engine: EngineType::Python, value: "'test'".to_string()};
[INFO] [stdout]     |                                             ^^^^^^ variant or associated item not found in `EngineType`
[INFO] [stdout]     |
[INFO] [stdout]    ::: src/sheet.rs:21:1
[INFO] [stdout]     |
[INFO] [stdout] 21  | pub enum EngineType {
[INFO] [stdout]     | ------------------- variant or associated item `Python` not found for this enum
[INFO] [stdout] 
[INFO] [stdout] 
[INFO] [stdout] warning: variable does not need to be mutable
[INFO] [stdout]    --> src/druid_ui.rs:153:17
[INFO] [stdout]     |
[INFO] [stdout] 153 |             let mut path = BezPath::new();
[INFO] [stdout]     |                 ----^^^^
[INFO] [stdout]     |                 |
[INFO] [stdout]     |                 help: remove this `mut`
[INFO] [stdout]     |
[INFO] [stdout]     = note: `#[warn(unused_mut)]` on by default
[INFO] [stdout] 
[INFO] [stdout] 
[INFO] [stdout] error[E0599]: no variant or associated item named `Python` found for enum `sheet::EngineType` in the current scope
[INFO] [stdout]    --> src/sheet_state.rs:129:45
[INFO] [stdout]     |
[INFO] [stdout] 129 |         let cell = Cell{engine: EngineType::Python, value: "6".to_string()};
[INFO] [stdout]     |                                             ^^^^^^ variant or associated item not found in `EngineType`
[INFO] [stdout]     |
[INFO] [stdout]    ::: src/sheet.rs:21:1
[INFO] [stdout]     |
[INFO] [stdout] 21  | pub enum EngineType {
[INFO] [stdout]     | ------------------- variant or associated item `Python` not found for this enum
[INFO] [stdout] 
[INFO] [stdout] 
[INFO] [stdout] warning: constant `DEBOUNCE_MILLIS` is never used
[INFO] [stdout]   --> src/main.rs:12:7
[INFO] [stdout]    |
[INFO] [stdout] 12 | const DEBOUNCE_MILLIS: u128 = 120;
[INFO] [stdout]    |       ^^^^^^^^^^^^^^^
[INFO] [stdout]    |
[INFO] [stdout]    = note: `#[warn(dead_code)]` on by default
[INFO] [stdout] 
[INFO] [stdout] 
[INFO] [stdout] warning: function `debounce` is never used
[INFO] [stdout]   --> src/main.rs:14:4
[INFO] [stdout]    |
[INFO] [stdout] 14 | fn debounce<F>(mut func: F)  -> impl FnMut(&mut SheetState) where F: FnMut(&mut SheetState) {
[INFO] [stdout]    |    ^^^^^^^^
[INFO] [stdout] 
[INFO] [stdout] 
[INFO] [stdout] warning: variant `Simple` is never constructed
[INFO] [stdout]   --> src/sheet.rs:22:5
[INFO] [stdout]    |
[INFO] [stdout] 21 | pub enum EngineType {
[INFO] [stdout]    |          ---------- variant in this enum
[INFO] [stdout] 22 |     Simple,
[INFO] [stdout]    |     ^^^^^^
[INFO] [stdout]    |
[INFO] [stdout]    = note: `EngineType` has derived impls for the traits `Debug` and `Clone`, but these are intentionally ignored during dead code analysis
[INFO] [stdout] 
[INFO] [stdout] 
[INFO] [stdout] warning: struct `Sheet` is never constructed
[INFO] [stdout]   --> src/sheet.rs:33:12
[INFO] [stdout]    |
[INFO] [stdout] 33 | pub struct Sheet {
[INFO] [stdout]    |            ^^^^^
[INFO] [stdout] 
[INFO] [stdout] 
[INFO] [stdout] error[E0599]: no variant or associated item named `Python` found for enum `sheet::EngineType` in the current scope
[INFO] [stdout]    --> src/sheet_state.rs:134:45
[INFO] [stdout]     |
[INFO] [stdout] 134 |         let cell = Cell{engine: EngineType::Python, value: "5.2".to_string()};
[INFO] [stdout]     |                                             ^^^^^^ variant or associated item not found in `EngineType`
[INFO] [stdout]     |
[INFO] [stdout]    ::: src/sheet.rs:21:1
[INFO] [stdout]     |
[INFO] [stdout] 21  | pub enum EngineType {
[INFO] [stdout]     | ------------------- variant or associated item `Python` not found for this enum
[INFO] [stdout] 
[INFO] [stdout] 
[INFO] [stdout] warning: associated items `new`, `insert`, `get`, `set_text`, and `get_text` are never used
[INFO] [stdout]   --> src/sheet.rs:38:12
[INFO] [stdout]    |
[INFO] [stdout] 37 | impl Sheet {
[INFO] [stdout]    | ---------- associated items in this implementation
[INFO] [stdout] 38 |     pub fn new() -> Self {
[INFO] [stdout]    |            ^^^
[INFO] [stdout] ...
[INFO] [stdout] 42 |     pub fn insert(&mut self, idx: CellIdx, value: Cell) {
[INFO] [stdout]    |            ^^^^^^
[INFO] [stdout] ...
[INFO] [stdout] 46 |     pub fn get(&self, idx: &CellIdx) -> Option<&Cell> {
[INFO] [stdout]    |            ^^^
[INFO] [stdout] ...
[INFO] [stdout] 50 |     pub fn set_text(&mut self, idx: CellIdx, value: String) {
[INFO] [stdout]    |            ^^^^^^^^
[INFO] [stdout] ...
[INFO] [stdout] 59 |     pub fn get_text(&self, idx: &CellIdx) -> String {
[INFO] [stdout]    |            ^^^^^^^^
[INFO] [stdout] 
[INFO] [stdout] 
[INFO] [stdout] warning: struct `SheetState` is never constructed
[INFO] [stdout]  --> src/sheet_state.rs:6:12
[INFO] [stdout]   |
[INFO] [stdout] 6 | pub struct SheetState {
[INFO] [stdout]   |            ^^^^^^^^^^
[INFO] [stdout] 
[INFO] [stdout] 
[INFO] [stdout] warning: associated items `new` and `get_value` are never used
[INFO] [stdout]   --> src/sheet_state.rs:15:12
[INFO] [stdout]    |
[INFO] [stdout] 14 | impl SheetState {
[INFO] [stdout]    | --------------- associated items in this implementation
[INFO] [stdout] 15 |     pub fn new() -> Self {
[INFO] [stdout]    |            ^^^
[INFO] [stdout] ...
[INFO] [stdout] 19 |     pub fn get_value(&mut self, idx: &CellIdx) -> String
[INFO] [stdout]    |            ^^^^^^^^^
[INFO] [stdout] 
[INFO] [stdout] 
[INFO] [stdout] warning: function `str_to_col` is never used
[INFO] [stdout]   --> src/engine_simple.rs:12:4
[INFO] [stdout]    |
[INFO] [stdout] 12 | fn str_to_col(s: &str) -> u32 {
[INFO] [stdout]    |    ^^^^^^^^^^
[INFO] [stdout] 
[INFO] [stdout] 
[INFO] [stdout] warning: function `calc` is never used
[INFO] [stdout]   --> src/engine_simple.rs:28:8
[INFO] [stdout]    |
[INFO] [stdout] 28 | pub fn calc(sheet_state: &mut SheetState, text: &str) -> String
[INFO] [stdout]    |        ^^^^
[INFO] [stdout] 
[INFO] [stdout] 
[INFO] [stdout] error[E0599]: no variant or associated item named `Python` found for enum `sheet::EngineType` in the current scope
[INFO] [stdout]    --> src/sheet_state.rs:149:45
[INFO] [stdout]     |
[INFO] [stdout] 149 |         let cell = Cell{engine: EngineType::Python, value: "5.2".to_string()};
[INFO] [stdout]     |                                             ^^^^^^ variant or associated item not found in `EngineType`
[INFO] [stdout]     |
[INFO] [stdout]    ::: src/sheet.rs:21:1
[INFO] [stdout]     |
[INFO] [stdout] 21  | pub enum EngineType {
[INFO] [stdout]     | ------------------- variant or associated item `Python` not found for this enum
[INFO] [stdout] 
[INFO] [stdout] 
[INFO] [stdout] error[E0599]: no variant or associated item named `Python` found for enum `sheet::EngineType` in the current scope
[INFO] [stdout]    --> src/sheet_state.rs:154:45
[INFO] [stdout]     |
[INFO] [stdout] 154 |         let cell = Cell{engine: EngineType::Python, value: "cell(sheet, 'A1')".to_string()};
[INFO] [stdout]     |                                             ^^^^^^ variant or associated item not found in `EngineType`
[INFO] [stdout]     |
[INFO] [stdout]    ::: src/sheet.rs:21:1
[INFO] [stdout]     |
[INFO] [stdout] 21  | pub enum EngineType {
[INFO] [stdout]     | ------------------- variant or associated item `Python` not found for this enum
[INFO] [stdout] 
[INFO] [stdout] 
[INFO] [stdout] warning: 15 warnings emitted
[INFO] [stdout] 
[INFO] [stdout] 
[INFO] [stdout] error: aborting due to 6 previous errors; 3 warnings emitted
[INFO] [stdout] 
[INFO] [stdout] 
[INFO] [stdout] For more information about this error, try `rustc --explain E0599`.
[INFO] [stdout] 
[INFO] [stderr] error: could not compile `rusty-sheet` (bin "rusty-sheet" test) due to 7 previous errors; 3 warnings emitted
[INFO] running `Command { std: "docker" "inspect" "06bb5a6c178d1792b735047a3e07a1eea059ee156ed9c579e71348d4cd2e6df3", kill_on_drop: false }`
[INFO] running `Command { std: "docker" "rm" "-f" "06bb5a6c178d1792b735047a3e07a1eea059ee156ed9c579e71348d4cd2e6df3", kill_on_drop: false }`
[INFO] [stdout] 06bb5a6c178d1792b735047a3e07a1eea059ee156ed9c579e71348d4cd2e6df3
